{"id":10657,"date":"2025-04-07T15:57:53","date_gmt":"2025-04-07T14:57:53","guid":{"rendered":"https:\/\/hbg-koeln.de\/?page_id=10657"},"modified":"2025-04-27T08:52:59","modified_gmt":"2025-04-27T07:52:59","slug":"50-jahre-hbg","status":"publish","type":"page","link":"https:\/\/hbg-koeln.de\/?page_id=10657","title":{"rendered":"50 Jahre HBG"},"content":{"rendered":"<p><span style=\"font-size: 14pt;\"><strong>50 Jahre Heinrich-B\u00f6ll-Gesamtschule \u2013 das wollen wir feiern!<\/strong><\/span><\/p>\n<table style=\"border-collapse: collapse; width: 100%;\">\n<tbody>\n<tr>\n<td style=\"width: 50%; text-align: left; vertical-align: top;\"><strong>Liebe Schulgemeinde!<\/strong><br \/>\n<strong>Am Sa, 20.09.25, 13-17 Uhr, feiern wir mit einem Schulfest unser 50-j\u00e4hriges Bestehen, zu dem wir alle herzlich einladen.<\/strong><br \/>\n<strong>Ehemalige Lehrkr\u00e4fte und Besch\u00e4ftigte, die am Fr, 19.09.25 um 17 Uhr zum Festakt im PZ kommen m\u00f6chten, schreiben bitte bis zum 01.07.25 eine Mail an 50Jahre@hbg-koeln.de.<\/strong><br \/>\n<strong>Mit herzlichem Gru\u00df \u2013 Rolf Grisard<\/strong> (Schulleiter)<\/td>\n<td style=\"width: 50%; text-align: center; vertical-align: top;\"><img loading=\"lazy\" decoding=\"async\" class=\"wp-image-10674 aligncenter\" src=\"http:\/\/hbg-koeln.de\/wp-content\/uploads\/2025\/04\/Karte-50-Jahre-web-213x300.jpg\" alt=\"\" width=\"225\" height=\"317\" srcset=\"https:\/\/hbg-koeln.de\/wp-content\/uploads\/2025\/04\/Karte-50-Jahre-web-213x300.jpg 213w, https:\/\/hbg-koeln.de\/wp-content\/uploads\/2025\/04\/Karte-50-Jahre-web-726x1024.jpg 726w, https:\/\/hbg-koeln.de\/wp-content\/uploads\/2025\/04\/Karte-50-Jahre-web-768x1083.jpg 768w, https:\/\/hbg-koeln.de\/wp-content\/uploads\/2025\/04\/Karte-50-Jahre-web-1090x1536.jpg 1090w, https:\/\/hbg-koeln.de\/wp-content\/uploads\/2025\/04\/Karte-50-Jahre-web.jpg 1240w\" sizes=\"auto, (max-width: 225px) 100vw, 225px\" \/><\/td>\n<\/tr>\n<\/tbody>\n<\/table>\n<p>&nbsp;<\/p>\n","protected":false},"excerpt":{"rendered":"<p>50 Jahre Heinrich-B\u00f6ll-Gesamtschule \u2013 das wollen wir feiern! Liebe Schulgemeinde! Am Sa, 20.09.25, 13-17 Uhr, feiern wir mit einem Schulfest unser 50-j\u00e4hriges Bestehen, zu dem wir alle herzlich einladen. Ehemalige Lehrkr\u00e4fte und Besch\u00e4ftigte, die am Fr,<a class=\"moretag\" href=\"https:\/\/hbg-koeln.de\/?page_id=10657\">Read More&#8230;<\/a><\/p>\n","protected":false},"author":7,"featured_media":0,"parent":0,"menu_order":0,"comment_status":"closed","ping_status":"closed","template":"","meta":{"ngg_post_thumbnail":0,"footnotes":""},"class_list":["post-10657","page","type-page","status-publish","hentry"],"_links":{"self":[{"href":"https:\/\/hbg-koeln.de\/index.php?rest_route=\/wp\/v2\/pages\/10657","targetHints":{"allow":["GET"]}}],"collection":[{"href":"https:\/\/hbg-koeln.de\/index.php?rest_route=\/wp\/v2\/pages"}],"about":[{"href":"https:\/\/hbg-koeln.de\/index.php?rest_route=\/wp\/v2\/types\/page"}],"author":[{"embeddable":true,"href":"https:\/\/hbg-koeln.de\/index.php?rest_route=\/wp\/v2\/users\/7"}],"replies":[{"embeddable":true,"href":"https:\/\/hbg-koeln.de\/index.php?rest_route=%2Fwp%2Fv2%2Fcomments&post=10657"}],"version-history":[{"count":5,"href":"https:\/\/hbg-koeln.de\/index.php?rest_route=\/wp\/v2\/pages\/10657\/revisions"}],"predecessor-version":[{"id":10684,"href":"https:\/\/hbg-koeln.de\/index.php?rest_route=\/wp\/v2\/pages\/10657\/revisions\/10684"}],"wp:attachment":[{"href":"https:\/\/hbg-koeln.de\/index.php?rest_route=%2Fwp%2Fv2%2Fmedia&parent=10657"}],"curies":[{"name":"wp","href":"https:\/\/api.w.org\/{rel}","templated":true}]}}

<p><span style="font-size: 14pt;"><strong>50 Jahre Heinrich-Böll-Gesamtschule – das wollen wir feiern!</strong></span></p>
<table style="border-collapse: collapse; width: 100%;">
<tbody>
<tr>
<td style="width: 50%; text-align: left; vertical-align: top;"><strong>Liebe Schulgemeinde!</strong><br />
<strong>Am Sa, 20.09.25, 13-17 Uhr, feiern wir mit einem Schulfest unser 50-jähriges Bestehen, zu dem wir alle herzlich einladen.</strong><br />
<strong>Ehemalige Lehrkräfte und Beschäftigte, die am Fr, 19.09.25 um 17 Uhr zum Festakt im PZ kommen möchten, schreiben bitte bis zum 01.07.25 eine Mail an 50Jahre@hbg-koeln.de.</strong><br />
<strong>Mit herzlichem Gruß – Rolf Grisard</strong> (Schulleiter)</td>
<td style="width: 50%; text-align: center; vertical-align: top;"><img loading="lazy" decoding="async" class="wp-image-10674 aligncenter" src="http://hbg-koeln.de/wp-content/uploads/2025/04/Karte-50-Jahre-web-213x300.jpg" alt="" width="225" height="317" srcset="https://hbg-koeln.de/wp-content/uploads/2025/04/Karte-50-Jahre-web-213x300.jpg 213w, https://hbg-koeln.de/wp-content/uploads/2025/04/Karte-50-Jahre-web-726x1024.jpg 726w, https://hbg-koeln.de/wp-content/uploads/2025/04/Karte-50-Jahre-web-768x1083.jpg 768w, https://hbg-koeln.de/wp-content/uploads/2025/04/Karte-50-Jahre-web-1090x1536.jpg 1090w, https://hbg-koeln.de/wp-content/uploads/2025/04/Karte-50-Jahre-web.jpg 1240w" sizes="auto, (max-width: 225px) 100vw, 225px" /></td>
</tr>
</tbody>
</table>
<p>&nbsp;</p>

<p>50 Jahre Heinrich-Böll-Gesamtschule – das wollen wir feiern! Liebe Schulgemeinde! Am Sa, 20.09.25, 13-17 Uhr, feiern wir mit einem Schulfest unser 50-jähriges Bestehen, zu dem wir alle herzlich einladen. Ehemalige Lehrkräfte und Beschäftigte, die am Fr,<a class="moretag" href="https://hbg-koeln.de/?page_id=10657">Read More&#8230;</a></p>
