{"id":1202,"date":"2013-01-21T18:52:45","date_gmt":"2013-01-21T16:52:45","guid":{"rendered":"http:\/\/hbg-koeln.de\/?page_id=1202"},"modified":"2013-01-23T11:49:50","modified_gmt":"2013-01-23T09:49:50","slug":"musisch-kunstlerischer-bereich","status":"publish","type":"page","link":"https:\/\/hbg-koeln.de\/?page_id=1202","title":{"rendered":"Musisch-k\u00fcnstlerischer Bereich"},"content":{"rendered":"<p>Schule und Kultur<\/p>\n<p>Der Bereich Musik, Kunst und Theater bietet Sch\u00fclerinnen und Sch\u00fclern immer wieder Gelegenheit ungeahnte Talente zu zeigen. Unsere vielf\u00e4ltigen, zum Teil schon preisgekr\u00f6nten Projekte und Angebote zeigen tolle Ergebnisse \u2013 und es macht Spa\u00df!<\/p>\n<p style=\"text-align: center;\"><img decoding=\"async\" class=\"ngg-singlepic ngg-center\" src=\"http:\/\/hbg-koeln.de\/wp-content\/gallery\/kultur\/img_9596.jpg\" alt=\"img_9596\" \/><\/p>\n","protected":false},"excerpt":{"rendered":"<p>Schule und Kultur Der Bereich Musik, Kunst und Theater bietet Sch\u00fclerinnen und Sch\u00fclern immer wieder Gelegenheit ungeahnte Talente zu zeigen. Unsere vielf\u00e4ltigen, zum Teil schon preisgekr\u00f6nten Projekte und Angebote zeigen tolle Ergebnisse \u2013 und es macht<a class=\"moretag\" href=\"https:\/\/hbg-koeln.de\/?page_id=1202\">Read More&#8230;<\/a><\/p>\n","protected":false},"author":2,"featured_media":0,"parent":537,"menu_order":0,"comment_status":"closed","ping_status":"open","template":"","meta":{"ngg_post_thumbnail":0,"footnotes":""},"class_list":["post-1202","page","type-page","status-publish","hentry"],"_links":{"self":[{"href":"https:\/\/hbg-koeln.de\/index.php?rest_route=\/wp\/v2\/pages\/1202","targetHints":{"allow":["GET"]}}],"collection":[{"href":"https:\/\/hbg-koeln.de\/index.php?rest_route=\/wp\/v2\/pages"}],"about":[{"href":"https:\/\/hbg-koeln.de\/index.php?rest_route=\/wp\/v2\/types\/page"}],"author":[{"embeddable":true,"href":"https:\/\/hbg-koeln.de\/index.php?rest_route=\/wp\/v2\/users\/2"}],"replies":[{"embeddable":true,"href":"https:\/\/hbg-koeln.de\/index.php?rest_route=%2Fwp%2Fv2%2Fcomments&post=1202"}],"version-history":[{"count":5,"href":"https:\/\/hbg-koeln.de\/index.php?rest_route=\/wp\/v2\/pages\/1202\/revisions"}],"predecessor-version":[{"id":1204,"href":"https:\/\/hbg-koeln.de\/index.php?rest_route=\/wp\/v2\/pages\/1202\/revisions\/1204"}],"up":[{"embeddable":true,"href":"https:\/\/hbg-koeln.de\/index.php?rest_route=\/wp\/v2\/pages\/537"}],"wp:attachment":[{"href":"https:\/\/hbg-koeln.de\/index.php?rest_route=%2Fwp%2Fv2%2Fmedia&parent=1202"}],"curies":[{"name":"wp","href":"https:\/\/api.w.org\/{rel}","templated":true}]}}