{"id":1287,"date":"2013-02-12T21:26:38","date_gmt":"2013-02-12T19:26:38","guid":{"rendered":"http:\/\/hbg-koeln.de\/?page_id=1287"},"modified":"2019-08-20T15:32:22","modified_gmt":"2019-08-20T13:32:22","slug":"sekundarstufe-i-jahrgange-9-und-10","status":"publish","type":"page","link":"https:\/\/hbg-koeln.de\/?page_id=1287","title":{"rendered":"Sekundarstufe I &#8211; Jahrg\u00e4nge 9 und 10"},"content":{"rendered":"<h2>Sekundarstufe I<\/h2>\n<h3>Jahrg\u00e4nge 9 und 10<\/h3>\n<p>Die Sekundarstufe I der Heinrich-B\u00f6ll-Gesamtschule<\/p>\n<ul>\n<li>unterrichtet in den Jahrg\u00e4ngen 9 und 10 jeweils ca. 240 Sch\u00fcler und Sch\u00fclerinnen<\/li>\n<li>vergibt alle Abschl\u00fcsse der Sekundarstufe I (Hauptschulabschluss nach Klasse 9 (HA); Hauptschulabschluss nach Klasse 10 (HA 10); Mittlerer Schulabschluss \u2013 Fachoberschulreife (FOR); Mittlerer Schulabschluss \u2013 Fachoberschulreife mit Berechtigung zum Besuch der gymnasialen Oberstufe (FOR Q)<span style=\"text-decoration: underline;\"><br \/>\n<\/span><\/li>\n<li>bereitet auf die zentralen Pr\u00fcfungen vor<span style=\"text-decoration: underline;\"><br \/>\n<\/span><\/li>\n<li>verf\u00fcgt \u00fcber ein breites F\u00e4cherangebot im Bereich der Erg\u00e4nzungsstunden<span style=\"text-decoration: underline;\"><br \/>\n<\/span><\/li>\n<li>bietet eine intensive Schullaufbahnberatung\/Coaching<span style=\"text-decoration: underline;\"><br \/>\n<\/span><\/li>\n<li>bereitet gezielt auf den Besuch der Sekundarstufe II, das Berufskolleg und die Arbeitswelt vor<span style=\"text-decoration: underline;\"><br \/>\n<\/span><\/li>\n<li>bietet Internetzugang in allen Kurs- und Arbeitsr\u00e4umen<\/li>\n<li>verf\u00fcgt \u00fcber hervorragende Sportm\u00f6glichkeiten<\/li>\n<\/ul>\n<p>&nbsp;<\/p>\n<h3>Differenzierung (siehe auch Jahrgang 7\/8)<\/h3>\n<p>Die Kurszuweisung in Deutsch, Mathematik und Englisch bleibt im 10. Jahrgang grunds\u00e4tzlich bestehen.<\/p>\n<p>Ein Kurswechsel in Physik ist am Ende des ersten Halbjahres durch die Zeugniskonferenz der Klasse 10 nur in seltenen Ausnahmef\u00e4llen m\u00f6glich.<\/p>\n<p>&nbsp;<\/p>\n<h3>Projekte und Abschlussfahrt<\/h3>\n<p>In jedem Herbst findet eine Projektwoche statt:<\/p>\n<ul>\n<li>In der Jahrgangsstufe 9 arbeiten Sch\u00fclerinnen und Sch\u00fcler intensiv an der \u201eBerufsorientierung\u201c, z.B. Besuch des Berufs- und Informationszentrums der Agentur f\u00fcr Arbeit; \u201eWie bewerbe ich mich\u201c in Zusammenarbeit mit der Stadtsparkasse K\u00f6ln\/Bonn. (siehe auch &#8222;Berufsorientierung&#8220;)<\/li>\n<li>In der Jahrgangsstufe 10 findet die Abschlussfahrt statt.<\/li>\n<\/ul>\n<p>&nbsp;<\/p>\n<p>&nbsp;<\/p>\n","protected":false},"excerpt":{"rendered":"<p>Sekundarstufe I Jahrg\u00e4nge 9 und 10 Die Sekundarstufe I der Heinrich-B\u00f6ll-Gesamtschule unterrichtet in den Jahrg\u00e4ngen 9 und 10 jeweils ca. 240 Sch\u00fcler und Sch\u00fclerinnen vergibt alle Abschl\u00fcsse der Sekundarstufe I (Hauptschulabschluss nach Klasse 9 (HA); Hauptschulabschluss<a class=\"moretag\" href=\"https:\/\/hbg-koeln.de\/?page_id=1287\">Read More&#8230;<\/a><\/p>\n","protected":false},"author":11,"featured_media":0,"parent":0,"menu_order":0,"comment_status":"closed","ping_status":"open","template":"","meta":{"ngg_post_thumbnail":0,"footnotes":""},"class_list":["post-1287","page","type-page","status-publish","hentry"],"_links":{"self":[{"href":"https:\/\/hbg-koeln.de\/index.php?rest_route=\/wp\/v2\/pages\/1287","targetHints":{"allow":["GET"]}}],"collection":[{"href":"https:\/\/hbg-koeln.de\/index.php?rest_route=\/wp\/v2\/pages"}],"about":[{"href":"https:\/\/hbg-koeln.de\/index.php?rest_route=\/wp\/v2\/types\/page"}],"author":[{"embeddable":true,"href":"https:\/\/hbg-koeln.de\/index.php?rest_route=\/wp\/v2\/users\/11"}],"replies":[{"embeddable":true,"href":"https:\/\/hbg-koeln.de\/index.php?rest_route=%2Fwp%2Fv2%2Fcomments&post=1287"}],"version-history":[{"count":19,"href":"https:\/\/hbg-koeln.de\/index.php?rest_route=\/wp\/v2\/pages\/1287\/revisions"}],"predecessor-version":[{"id":6648,"href":"https:\/\/hbg-koeln.de\/index.php?rest_route=\/wp\/v2\/pages\/1287\/revisions\/6648"}],"wp:attachment":[{"href":"https:\/\/hbg-koeln.de\/index.php?rest_route=%2Fwp%2Fv2%2Fmedia&parent=1287"}],"curies":[{"name":"wp","href":"https:\/\/api.w.org\/{rel}","templated":true}]}}