{"id":1548,"date":"2013-04-13T16:25:28","date_gmt":"2013-04-13T14:25:28","guid":{"rendered":"http:\/\/hbg-koeln.de\/?page_id=1548"},"modified":"2025-11-05T15:15:07","modified_gmt":"2025-11-05T14:15:07","slug":"mais-que-uma-bola-mehr-als-ein-ball","status":"publish","type":"page","link":"https:\/\/hbg-koeln.de\/?page_id=1548","title":{"rendered":"Mais que uma bola &#8211; mehr als ein Ball"},"content":{"rendered":"<p>Im Rahmen der St\u00e4dtepartnerschaft K\u00f6ln \u2013 Rio de Janeiro richtet sich das Sportprojekt \u201eMais que uma bola \u2013 mehr als ein Ball\u201c an Jugendliche aus beiden St\u00e4dten im Alter von jeweils 15-16 Jahren.<\/p>\n<p>\u00dcber eine Unterrichtsreihe bzw. eine AG an der Heinrich-B\u00f6ll-Gesamtschule in K\u00f6ln-Chorweiler n\u00e4hern sich die Sch\u00fcler bzw. Jugendlichen von der eigenen Lebenswelt der jeweils anderen und fremden Kultur an.<\/p>\n<p>Projekth\u00f6hepunkte sind gegenseitige Besuche.<\/p>\n<p>Ziel des Projektes ist die Verbesserung der interkulturellen Verst\u00e4ndigung und der Pers\u00f6nlichkeitsentwicklung von Jugendlichen aus benachteiligten Stadtteilen von K\u00f6ln und Rio.<\/p>\n<p>Eine Wertevermittlung von Hilfsbereitschaft, Gastfreundlichkeit und sozialem Engagement soll vor allem durch die Methode \u201eStra\u00dfenfu\u00dfball f\u00fcr Toleranz\u201c vermittelt werden. Diese \u201eFair-Play\u201c Streetfootball-Spielweise wurde unter anderem im Rahmen der Vorbereitungen auf die Fu\u00dfball-WM 2010 in S\u00fcdafrika bereits sehr erfolgreich erprobt.<\/p>\n<p>Ziel ist also auch die Vermittlung von Verantwortung und die methodische Qualifizierung von jugendlichen Multiplikatoren.<\/p>\n<p>Fabienne Caiazza, Projektkoordinatorin &#8211; Sportamt K\u00f6ln<br \/>\nfabienne.caiazza@stadt-koeln.de<br \/>\nund<br \/>\nBirgit Dittmar, Sportkoordinatorin der Heinrich-B\u00f6ll-Gesamtschule<br \/>\nbirgit.dittmar@hbg-koeln.de<\/p>\n<p>&nbsp;<\/p>\n<h2>weitere Artikel:<\/h2>\n<ul>\n<li><a title=\"HBG in Rio de Janeiro 31.3.\" href=\"http:\/\/hbg-koeln.de\/?p=2108\">Reisebericht HBG in Rio &#8211; 2014<\/a><\/li>\n<li><a title=\"Schull- un Veedelsz\u00f6ch 2014\" href=\"http:\/\/hbg-koeln.de\/?p=2068\"><span style=\"text-decoration: underline;\"><span style=\"color: #0066cc;\">Schull- un Veedelsz\u00f6ch 2014<\/span><\/span><\/a><\/li>\n<li><a title=\"Sportprojekt: Gegenbesuch in Rio vom 20.- 30.03.2014\" href=\"http:\/\/hbg-koeln.de\/?p=2209\"><span style=\"text-decoration: underline;\"><span style=\"color: #0066cc;\">Sportprojekt: Gegenbesuch in Rio vom 20.- 30.03.2014<\/span><\/span><\/a><\/li>\n<li><a title=\"Rio Projekt: Mehr als ein Ball \u2013 Mais que uma Bola\" href=\"http:\/\/hbg-koeln.de\/?p=2390\"><span style=\"text-decoration: underline;\"><span style=\"color: #0066cc;\">Rio Projekt: Mehr als ein Ball \u2013 Mais que uma Bola<\/span><\/span><\/a><\/li>\n<li><a title=\"Ausstellung \u2013 \u201cMehr als ein Ball\u201d\" href=\"http:\/\/hbg-koeln.de\/?p=2214\"><span style=\"text-decoration: underline;\"><span style=\"color: #0066cc;\">Ausstellung \u2013 \u201cMehr als ein Ball\u201d<\/span><\/span><\/a><\/li>\n<li><a title=\"Pressekonferenz \u201cMais que um bola \u2013 Mehr als ein Ball\u201d\" href=\"http:\/\/hbg-koeln.de\/?p=1584\">Pressekonferenz April 2013<\/a><\/li>\n<li><a href=\"http:\/\/hbg-koeln.de\/wp-content\/uploads\/2014\/11\/K\u00f6lnische-Rundschau-vom-23.10.2013.pdf\">K\u00f6lnische Rundschau vom 23.10.2013<\/a><\/li>\n<li><a href=\"http:\/\/hbg-koeln.de\/wp-content\/uploads\/2014\/11\/K\u00f6lner-Stadtanzeiger-vom-24.10.2013.pdf\">K\u00f6lner Stadtanzeiger vom 24.10.2013<\/a><\/li>\n<li><a title=\"Ein Bericht \u00fcber die Reise auf NTV\" href=\"http:\/\/www.n-tv.de\/mediathek\/sendungen\/auslandsreport\/Deutsche-Jugendliche-besuchen-Favela-article12973691.html\" target=\"_blank\" rel=\"noopener noreferrer\">Ein Bericht \u00fcber die Reise auf NTV<\/a><\/li>\n<li><a title=\"HBG f\u00fcr den DFB- und Mercedes-Benz-Integrationspreis 2015 nominiert\" href=\"https:\/\/www.facebook.com\/servicestelle.kommunen.in.der.einen.welt\/posts\/1125692230790303\" target=\"_blank\" rel=\"noopener noreferrer\">HBG f\u00fcr den DFB- und Mercedes-Benz-Integrationspreis 2015 nominiert<\/a><\/li>\n<li><a title=\"DFB-Video zum Projekt\" href=\"http:\/\/tv.dfb.de\/video\/100-prozent-fussballer-heinrich-boell-gesamtschule-koeln\/10569\/\" target=\"_blank\" rel=\"noopener noreferrer\">DFB-Video zum Projekt<\/a><\/li>\n<\/ul>\n","protected":false},"excerpt":{"rendered":"<p>Im Rahmen der St\u00e4dtepartnerschaft K\u00f6ln \u2013 Rio de Janeiro richtet sich das Sportprojekt \u201eMais que uma bola \u2013 mehr als ein Ball\u201c an Jugendliche aus beiden St\u00e4dten im Alter von jeweils 15-16 Jahren. \u00dcber eine Unterrichtsreihe<a class=\"moretag\" href=\"https:\/\/hbg-koeln.de\/?page_id=1548\">Read More&#8230;<\/a><\/p>\n","protected":false},"author":2,"featured_media":2579,"parent":0,"menu_order":0,"comment_status":"closed","ping_status":"open","template":"","meta":{"ngg_post_thumbnail":0,"footnotes":""},"class_list":["post-1548","page","type-page","status-publish","has-post-thumbnail","hentry"],"_links":{"self":[{"href":"https:\/\/hbg-koeln.de\/index.php?rest_route=\/wp\/v2\/pages\/1548","targetHints":{"allow":["GET"]}}],"collection":[{"href":"https:\/\/hbg-koeln.de\/index.php?rest_route=\/wp\/v2\/pages"}],"about":[{"href":"https:\/\/hbg-koeln.de\/index.php?rest_route=\/wp\/v2\/types\/page"}],"author":[{"embeddable":true,"href":"https:\/\/hbg-koeln.de\/index.php?rest_route=\/wp\/v2\/users\/2"}],"replies":[{"embeddable":true,"href":"https:\/\/hbg-koeln.de\/index.php?rest_route=%2Fwp%2Fv2%2Fcomments&post=1548"}],"version-history":[{"count":22,"href":"https:\/\/hbg-koeln.de\/index.php?rest_route=\/wp\/v2\/pages\/1548\/revisions"}],"predecessor-version":[{"id":10985,"href":"https:\/\/hbg-koeln.de\/index.php?rest_route=\/wp\/v2\/pages\/1548\/revisions\/10985"}],"wp:featuredmedia":[{"embeddable":true,"href":"https:\/\/hbg-koeln.de\/index.php?rest_route=\/wp\/v2\/media\/2579"}],"wp:attachment":[{"href":"https:\/\/hbg-koeln.de\/index.php?rest_route=%2Fwp%2Fv2%2Fmedia&parent=1548"}],"curies":[{"name":"wp","href":"https:\/\/api.w.org\/{rel}","templated":true}]}}

<p>Im Rahmen der Städtepartnerschaft Köln – Rio de Janeiro richtet sich das Sportprojekt „Mais que uma bola – mehr als ein Ball“ an Jugendliche aus beiden Städten im Alter von jeweils 15-16 Jahren.</p>
<p>Über eine Unterrichtsreihe bzw. eine AG an der Heinrich-Böll-Gesamtschule in Köln-Chorweiler nähern sich die Schüler bzw. Jugendlichen von der eigenen Lebenswelt der jeweils anderen und fremden Kultur an.</p>
<p>Projekthöhepunkte sind gegenseitige Besuche.</p>
<p>Ziel des Projektes ist die Verbesserung der interkulturellen Verständigung und der Persönlichkeitsentwicklung von Jugendlichen aus benachteiligten Stadtteilen von Köln und Rio.</p>
<p>Eine Wertevermittlung von Hilfsbereitschaft, Gastfreundlichkeit und sozialem Engagement soll vor allem durch die Methode „Straßenfußball für Toleranz“ vermittelt werden. Diese „Fair-Play“ Streetfootball-Spielweise wurde unter anderem im Rahmen der Vorbereitungen auf die Fußball-WM 2010 in Südafrika bereits sehr erfolgreich erprobt.</p>
<p>Ziel ist also auch die Vermittlung von Verantwortung und die methodische Qualifizierung von jugendlichen Multiplikatoren.</p>
<p>Fabienne Caiazza, Projektkoordinatorin &#8211; Sportamt Köln<br />
fabienne.caiazza@stadt-koeln.de<br />
und<br />
Birgit Dittmar, Sportkoordinatorin der Heinrich-Böll-Gesamtschule<br />
birgit.dittmar@hbg-koeln.de</p>
<p>&nbsp;</p>
<h2>weitere Artikel:</h2>
<ul>
<li><a title="HBG in Rio de Janeiro 31.3." href="http://hbg-koeln.de/?p=2108">Reisebericht HBG in Rio &#8211; 2014</a></li>
<li><a title="Schull- un Veedelszöch 2014" href="http://hbg-koeln.de/?p=2068"><span style="text-decoration: underline;"><span style="color: #0066cc;">Schull- un Veedelszöch 2014</span></span></a></li>
<li><a title="Sportprojekt: Gegenbesuch in Rio vom 20.- 30.03.2014" href="http://hbg-koeln.de/?p=2209"><span style="text-decoration: underline;"><span style="color: #0066cc;">Sportprojekt: Gegenbesuch in Rio vom 20.- 30.03.2014</span></span></a></li>
<li><a title="Rio Projekt: Mehr als ein Ball – Mais que uma Bola" href="http://hbg-koeln.de/?p=2390"><span style="text-decoration: underline;"><span style="color: #0066cc;">Rio Projekt: Mehr als ein Ball – Mais que uma Bola</span></span></a></li>
<li><a title="Ausstellung – “Mehr als ein Ball”" href="http://hbg-koeln.de/?p=2214"><span style="text-decoration: underline;"><span style="color: #0066cc;">Ausstellung – “Mehr als ein Ball”</span></span></a></li>
<li><a title="Pressekonferenz “Mais que um bola – Mehr als ein Ball”" href="http://hbg-koeln.de/?p=1584">Pressekonferenz April 2013</a></li>
<li><a href="http://hbg-koeln.de/wp-content/uploads/2014/11/Kölnische-Rundschau-vom-23.10.2013.pdf">Kölnische Rundschau vom 23.10.2013</a></li>
<li><a href="http://hbg-koeln.de/wp-content/uploads/2014/11/Kölner-Stadtanzeiger-vom-24.10.2013.pdf">Kölner Stadtanzeiger vom 24.10.2013</a></li>
<li><a title="Ein Bericht über die Reise auf NTV" href="http://www.n-tv.de/mediathek/sendungen/auslandsreport/Deutsche-Jugendliche-besuchen-Favela-article12973691.html" target="_blank" rel="noopener noreferrer">Ein Bericht über die Reise auf NTV</a></li>
<li><a title="HBG für den DFB- und Mercedes-Benz-Integrationspreis 2015 nominiert" href="https://www.facebook.com/servicestelle.kommunen.in.der.einen.welt/posts/1125692230790303" target="_blank" rel="noopener noreferrer">HBG für den DFB- und Mercedes-Benz-Integrationspreis 2015 nominiert</a></li>
<li><a title="DFB-Video zum Projekt" href="http://tv.dfb.de/video/100-prozent-fussballer-heinrich-boell-gesamtschule-koeln/10569/" target="_blank" rel="noopener noreferrer">DFB-Video zum Projekt</a></li>
</ul>

<p>Im Rahmen der Städtepartnerschaft Köln – Rio de Janeiro richtet sich das Sportprojekt „Mais que uma bola – mehr als ein Ball“ an Jugendliche aus beiden Städten im Alter von jeweils 15-16 Jahren. Über eine Unterrichtsreihe<a class="moretag" href="https://hbg-koeln.de/?page_id=1548">Read More&#8230;</a></p>
