{"id":2730,"date":"2015-02-22T12:50:21","date_gmt":"2015-02-22T10:50:21","guid":{"rendered":"http:\/\/hbg-koeln.de\/?page_id=2730"},"modified":"2015-09-01T07:51:02","modified_gmt":"2015-09-01T05:51:02","slug":"religion","status":"publish","type":"page","link":"https:\/\/hbg-koeln.de\/?page_id=2730","title":{"rendered":"Religion"},"content":{"rendered":"<p>In K\u00f6ln-Chorweiler leben viele unterschiedliche Kulturen und Religionsgemeinschaften zusammen. Die f\u00fcr den\u00a0 Religionsunterricht wichtigen Standorte wie verschiedene Kirchen, eine Synagoge und Moscheen sowie diverse Museen sind mit dem \u00f6ffentlichen Nahverkehr gut zu erreichen.<\/p>\n<p>Die Klassen der HBG haben in der Regel 28-30 Sch\u00fclerinnen und Sch\u00fcler. F\u00fcr das Fach\u00a0 Religion stehen keine Fachr\u00e4ume zur Verf\u00fcgung, aber ein \u201eRaum der Stille- das Traumland\u201c kann f\u00fcr meditative \u00dcbungen\u00a0 in kleineren Gruppen genutzt werden. Die Schule verf\u00fcgt \u00fcber\u00a0 eine Bibliothek und\u00a0 Computerr\u00e4ume, die ganzt\u00e4gig und regelm\u00e4\u00dfig auch f\u00fcr den Religionsunterricht gebucht werden k\u00f6nnen.<\/p>\n<p>Der Unterricht findet in der Regel in 45-Minuten-Einheiten statt. Religionsstunden k\u00f6nnen auch im Nachmittagsbereich\u00a0 liegen.\u00a0 Religion wird in allen Jahrgangsstufen zweist\u00fcndig unterrichtet, also insgesamt 12 Wochenstunden in der Sekundarstufe I.<\/p>\n<p>In der Oberstufe wird Religion in allen drei Jahrg\u00e4ngen dreist\u00fcndig angeboten. Die Fachkonferenz\u00a0 Religion tagt zweimal im Halbjahr.<\/p>\n<p>Die Fachkonferenz Religion hat sich \u2013 in Anlehnung an das Schulprogramm \u2013 das Ziel gesetzt, Sch\u00fclerinnen und Sch\u00fcler zu Menschen heranzubilden, die in reflektierter Auseinandersetzung mit christlichen Glaubensinhalten und Werten selbstbewusst, kritisch, kreativ und verantwortlich handeln und ihren eigenen Standpunkt vertreten. Dabei stehen die pers\u00f6nliche Freude am Lernen, der bewusste Umgang mit dem Leben, der Sch\u00f6pfung und ihren M\u00f6glichkeiten sowie die W\u00fcrdigung von Mitmenschen und ihren \u00dcberzeugungen im Vordergrund. Neben fachspezifischen Kompetenzen entwickelt und festigt der\u00a0 Religionsunterricht auch Kompetenzen im pers\u00f6nlichen, spirituellen und sozialen Bereich.<\/p>\n<p>\u00dcber Unterrichtsg\u00e4nge erschlie\u00dft der Religionsunterricht religi\u00f6s gepr\u00e4gte R\u00e4ume und Lebenszeugnisse au\u00dferhalb der Schule. Die Sch\u00fclerinnen und Sch\u00fcler werden dadurch f\u00fcr ganz unterschiedliche religi\u00f6se Lebenswirklichkeiten mit ihren historischen Auspr\u00e4gungen, ihren M\u00f6glichkeiten aber auch Problemen \u2013 z. B. im Zusammenleben unterschiedlicher Religionen \u2013 sensibilisiert. Formen des kooperativen und des eigenverantwortlichen Lernens sind fester Bestandteil des Unterrichts.<\/p>\n<p><a href=\"http:\/\/hbg-koeln.de\/wp-content\/uploads\/2015\/02\/SchulIntRelLehrplanEv2014.pdf\">Schulinterner Lehrplan (evangelische Religion)<\/a><\/p>\n<p><a href=\"http:\/\/hbg-koeln.de\/wp-content\/uploads\/2015\/02\/SchulIntRelLehrplanKath2014.pdf\">Schulinterner Lehrplan (katholische Religion)<\/a><\/p>\n<p><a href=\"http:\/\/hbg-koeln.de\/wp-content\/uploads\/2015\/02\/Schulinternes-Curriculum-HBG-KR-SekII.pdf\">Schulinternes Curriculum HBG Katholische Religion SekII<\/a><\/p>\n","protected":false},"excerpt":{"rendered":"<p>In K\u00f6ln-Chorweiler leben viele unterschiedliche Kulturen und Religionsgemeinschaften zusammen. Die f\u00fcr den\u00a0 Religionsunterricht wichtigen Standorte wie verschiedene Kirchen, eine Synagoge und Moscheen sowie diverse Museen sind mit dem \u00f6ffentlichen Nahverkehr gut zu erreichen. Die Klassen der<a class=\"moretag\" href=\"https:\/\/hbg-koeln.de\/?page_id=2730\">Read More&#8230;<\/a><\/p>\n","protected":false},"author":7,"featured_media":0,"parent":0,"menu_order":0,"comment_status":"closed","ping_status":"open","template":"","meta":{"ngg_post_thumbnail":0,"footnotes":""},"class_list":["post-2730","page","type-page","status-publish","hentry"],"_links":{"self":[{"href":"https:\/\/hbg-koeln.de\/index.php?rest_route=\/wp\/v2\/pages\/2730","targetHints":{"allow":["GET"]}}],"collection":[{"href":"https:\/\/hbg-koeln.de\/index.php?rest_route=\/wp\/v2\/pages"}],"about":[{"href":"https:\/\/hbg-koeln.de\/index.php?rest_route=\/wp\/v2\/types\/page"}],"author":[{"embeddable":true,"href":"https:\/\/hbg-koeln.de\/index.php?rest_route=\/wp\/v2\/users\/7"}],"replies":[{"embeddable":true,"href":"https:\/\/hbg-koeln.de\/index.php?rest_route=%2Fwp%2Fv2%2Fcomments&post=2730"}],"version-history":[{"count":4,"href":"https:\/\/hbg-koeln.de\/index.php?rest_route=\/wp\/v2\/pages\/2730\/revisions"}],"predecessor-version":[{"id":3362,"href":"https:\/\/hbg-koeln.de\/index.php?rest_route=\/wp\/v2\/pages\/2730\/revisions\/3362"}],"wp:attachment":[{"href":"https:\/\/hbg-koeln.de\/index.php?rest_route=%2Fwp%2Fv2%2Fmedia&parent=2730"}],"curies":[{"name":"wp","href":"https:\/\/api.w.org\/{rel}","templated":true}]}}