{"id":2750,"date":"2015-03-03T00:29:01","date_gmt":"2015-03-02T22:29:01","guid":{"rendered":"http:\/\/hbg-koeln.de\/?page_id=2750"},"modified":"2024-01-30T21:09:07","modified_gmt":"2024-01-30T20:09:07","slug":"latein","status":"publish","type":"page","link":"https:\/\/hbg-koeln.de\/?page_id=2750","title":{"rendered":"Latein"},"content":{"rendered":"<table class=\" alignleft\" style=\"width: 100%; border-collapse: collapse;\">\n<tbody>\n<tr>\n<td style=\"width: 36.2583%;\"><img loading=\"lazy\" decoding=\"async\" class=\"alignnone size-medium wp-image-10025\" src=\"http:\/\/hbg-koeln.de\/wp-content\/uploads\/2023\/12\/Vase1-200x300.jpg\" alt=\"\" width=\"200\" height=\"300\" srcset=\"https:\/\/hbg-koeln.de\/wp-content\/uploads\/2023\/12\/Vase1-200x300.jpg 200w, https:\/\/hbg-koeln.de\/wp-content\/uploads\/2023\/12\/Vase1-682x1024.jpg 682w, https:\/\/hbg-koeln.de\/wp-content\/uploads\/2023\/12\/Vase1-768x1152.jpg 768w, https:\/\/hbg-koeln.de\/wp-content\/uploads\/2023\/12\/Vase1-1024x1536.jpg 1024w, https:\/\/hbg-koeln.de\/wp-content\/uploads\/2023\/12\/Vase1.jpg 1181w\" sizes=\"auto, (max-width: 200px) 100vw, 200px\" \/><\/td>\n<td style=\"width: 63.7417%; text-align: left;\">\n<p><a href=\"http:\/\/hbg-koeln.de\/wp-content\/uploads\/2023\/12\/16-Gruende-fuer-Latein.pdf\"><strong><span style=\"font-size: 12pt;\">16 Gr\u00fcnde f\u00fcr das Fach Latein in der Schule<\/span><\/strong><\/a><\/p>\n<p><a href=\"http:\/\/hbg-koeln.de\/wp-content\/uploads\/2023\/12\/Mit-den-Lateinern-im-RGM.pdf\"><strong><span style=\"font-size: 12pt;\">Mit dem Lateinkurs im R\u00f6misch-Germanischen Museum<\/span><\/strong><\/a><\/p>\n<p><a href=\"http:\/\/hbg-koeln.de\/wp-content\/uploads\/2023\/12\/Auf-den-Spuren-der-Roemer-durch-die-Colonia-Ulpia-Traiana.pdf\"><strong><span style=\"font-size: 12pt;\">Auf den Spuren der R\u00f6mer durch die Colonia Ulpia Traiana<\/span><\/strong><\/a><\/td>\n<\/tr>\n<\/tbody>\n<\/table>\n<p>Wer im 9. Jahrgang Latein als Wahlpflichtfach gew\u00e4hlt hat, kann und sollte dieses Fach in der Gymnasialen Oberstufe fortsetzen. Latein wird im 11. und 12. Jahrgang unterrichtet. Bei mindestens ausreichenden Leistungen am Ende des 12. Jahrgangs ( Note 4 und besser ) wird das Latinum im Abiturzeugnis bescheinigt. Das Latinum ist an den Universit\u00e4ten die Voraussetzung f\u00fcr viele Studieng\u00e4nge. Es wird f\u00fcr ein Studium der meisten Fremdsprachen, Deutsch, Geschichte, Philosophie, Religionslehre und Arch\u00e4ologie gefordert. In anderen Studieng\u00e4ngen wie Jura, Medizin und Biologie ist es gew\u00fcnscht. Das Latinum an der Universit\u00e4t nachzuholen ist eine sehr m\u00fchsame und zeitraubende Angelegenheit, die viel Kraft kostet und schon manchen Studenten zur \u00c4nderung seines Berufswunsches veranlasst hat.<\/p>\n<p>Im Lateinunterricht der Sekundarstufe II wird das Lehrwerk \u201eROMA\u201c sukzessive verlassen und der \u00dcbergang in die Orginallekt\u00fcre vorbereitet und durchgef\u00fchrt.<\/p>\n<p>Dazu werden f\u00fcr die Originallekt\u00fcre relevante Grammatikph\u00e4nomene noch eingef\u00fchrt oder aber im Zuge der Orginallekt\u00fcre erarbeitet und wiederholt (Grammatikwiederholung in der Lekt\u00fcrephase).<\/p>\n<p>Ein Ausstieg aus dem Lehrwerk ist anhand verschiedener Autoren m\u00f6glich, wobei die Sch\u00fcler*innen f\u00fcr die inhaltlichen und stilistischen Charakteristika des jeweiligen Autors &nbsp;(im Gegensatz zu den bislang gewohnten didaktisierten Texten) sensibilisiert werden sollen.&nbsp;<\/p>\n<p>So werden kleinere Einheiten aus verschiedenen Textcorpora r\u00f6mischer Schriftsteller als \u00dcbergangslekt\u00fcre gelesen und interpretiert.<\/p>\n<p>Dabei kann es sich um Briefe handeln, die einen Einblick in die r\u00f6mische Alltagswelt erm\u00f6glichen, oder auch um Fabeln oder Epigramme. Epigramme sind kurze Spottverse auf z.B. Stereotypen des r\u00f6mischen Alltags.<\/p>\n<p>Die folgende Auswahl soll einen Eindruck \u00fcber m\u00f6gliche Kursthemen vermitteln, die in den weiteren Halbjahren behandelt werden k\u00f6nnen:<\/p>\n<ul>\n<li>die Satire als Mittel der Gesellschaftskritik ( Horaz, Petron )<\/li>\n<li>r\u00f6mische Sagen und Mythen. Ihr Weiterleben in der Kunst und Literatur in<\/li>\n<\/ul>\n<p>Mittelalter und Neuzeit. ( Ovid und Rezeptionsgeschichte )<\/p>\n<ul>\n<li>das Erleben von Liebe und Freundschaft in der Dichtung Catulls<\/li>\n<li>die politische Rede im Wandel der Zeiten ( Cicero; Gegenwart)<\/li>\n<li>historische Pers\u00f6nlichkeiten in ihrer literarischen Selbstdarstellung (Caesar, Augustus )<\/li>\n<li>der Weise und die Welt \u2013 philosophische Durchdringung des Alltags (Seneca )<\/li>\n<li>das Alltagsleben in der r\u00f6mischen Kaiserzeit ( Martial, Petron, Plinius )<\/li>\n<\/ul>\n<p>Trotz der weit verbreiteten Kritik an Latein als einer sogenannten \u201etoten Sprache\u201c, sprechen wohl folgende Argumente f\u00fcr den Lateinunterricht: Er f\u00f6rdert in besonderer Weise die Kompetenzen in der Muttersprache, er erleichtert den Einstieg in das Erlernen weiterer Fremdsprachen, er unterst\u00fctzt das Ein\u00fcben wissenschaftlicher Arbeitsmethoden und erm\u00f6glicht Einblicke und tieferes Verst\u00e4ndnis in die Kulturgeschichte Europas und der Welt.<\/p>\n<p>Latein tr\u00e4gt zu einer grundlegenden Reflexion \u00fcber Sprache und Grammatik und dadurch mitunter auch zu einer Verbesserung des Deutschen bei!<\/p>\n","protected":false},"excerpt":{"rendered":"<p>16 Gr\u00fcnde f\u00fcr das Fach Latein in der Schule Mit dem Lateinkurs im R\u00f6misch-Germanischen Museum Auf den Spuren der R\u00f6mer durch die Colonia Ulpia Traiana Wer im 9. Jahrgang Latein als Wahlpflichtfach gew\u00e4hlt hat, kann und<a class=\"moretag\" href=\"https:\/\/hbg-koeln.de\/?page_id=2750\">Read More&#8230;<\/a><\/p>\n","protected":false},"author":7,"featured_media":0,"parent":0,"menu_order":0,"comment_status":"closed","ping_status":"open","template":"","meta":{"ngg_post_thumbnail":0,"footnotes":""},"class_list":["post-2750","page","type-page","status-publish","hentry"],"_links":{"self":[{"href":"https:\/\/hbg-koeln.de\/index.php?rest_route=\/wp\/v2\/pages\/2750","targetHints":{"allow":["GET"]}}],"collection":[{"href":"https:\/\/hbg-koeln.de\/index.php?rest_route=\/wp\/v2\/pages"}],"about":[{"href":"https:\/\/hbg-koeln.de\/index.php?rest_route=\/wp\/v2\/types\/page"}],"author":[{"embeddable":true,"href":"https:\/\/hbg-koeln.de\/index.php?rest_route=\/wp\/v2\/users\/7"}],"replies":[{"embeddable":true,"href":"https:\/\/hbg-koeln.de\/index.php?rest_route=%2Fwp%2Fv2%2Fcomments&post=2750"}],"version-history":[{"count":12,"href":"https:\/\/hbg-koeln.de\/index.php?rest_route=\/wp\/v2\/pages\/2750\/revisions"}],"predecessor-version":[{"id":10167,"href":"https:\/\/hbg-koeln.de\/index.php?rest_route=\/wp\/v2\/pages\/2750\/revisions\/10167"}],"wp:attachment":[{"href":"https:\/\/hbg-koeln.de\/index.php?rest_route=%2Fwp%2Fv2%2Fmedia&parent=2750"}],"curies":[{"name":"wp","href":"https:\/\/api.w.org\/{rel}","templated":true}]}}